+ 5. Let y be p(f). What is the greatest common factor of 7 and y?
7
Let q(n) = 16*n**2 - 48*n - 188. Let b be q(-4). What is the highest common divisor of 110 and b?
10
Suppose 0 = -3*z + 2*v + 28, -1 = v + 4. Let y(s) = -2*s + 13. Let j be y(z). Let h = j - -13. Calculate the highest common divisor of 35 and h.
7
Let k(t) = t + 19. Let h be k(2). Suppose 29*x + h = 50*x. Calculate the highest common divisor of 17 and x.
1
Suppose d + 7*d = -24. Let t(i) = 61*i**2 - 13. Let g be t(d). Suppose -56 = 6*m - g. What is the greatest common divisor of m and 16?
16
Let o(a) = -4*a - 19. Let m(z) = 4*z + 17. Let l(s) = -4*m(s) - 5*o(s). Let b be l(-2). What is the greatest common factor of 323 and b?
19
Let c = -7 + 45. Let l = c - 3. Let z be 2 + (-60)/l + (-54)/(-7). Calculate the greatest common factor of 72 and z.
8
Suppose -32 = 21*w - 29*w - 0. Calculate the highest common factor of 1636 and w.
4
Let v be (-224 - -214)*(-2 + (1 - 0/(-1))). What is the highest common factor of v and 20100?
10
Let j be (-1 - (2 - 3))/(3*-1). Suppose j = 5*t - 78 - 132. Let k = -31 + t. Calculate the highest common divisor of 1 and k.
1
Let g(u) = 27*u - 18. Let f be g(9). Let n(y) = -17*y - 63. Let l be n(-9). What is the greatest common factor of f and l?
45
Let r(n) be the first derivative of -n**4/4 + 17*n**3/3 + 3*n**2/2 - 25*n + 171. Let w be r(17). What is the greatest common divisor of w and 481?
13
Suppose 3*k + 1192 = 5*y - 22903, y - 4*k = 4836. What is the greatest common factor of y and 32?
16
Let h = -398 - -454. Let i be 10/6*(-4 - -1). Let p be (-1 + (i - 2))*-1. Calculate the highest common divisor of h and p.
8
Let o(k) = k**2 + 10. Let d be o(0). Let m = -158630 + 158715. What is the highest common factor of d and m?
5
Let p = 4439 - 4058. What is the greatest common divisor of 6 and p?
3
Let s(j) = -j**3 - 4*j**2 + 3*j + 72. Suppose -24 + 24 = m. Let c be s(m). What is the highest common divisor of c and 24?
24
Let j(d) = 4*d**2 - 19*d - 5. Let f be j(-10). Let q be (-1)/4 + f/36. Suppose 3*i + 4*m - q = -i, -15 = 5*m. What is the greatest common divisor of 28 and i?
7
Suppose 972*a - 56 = 970*a. What is the greatest common divisor of 2674 and a?
14
Let b be 5 - (2/(-6))/((-9)/(-1161)). What is the highest common factor of 408 and b?
24
Let f(j) be the second derivative of 19*j**3/6 + 39*j**2/2 - j. Suppose -1927 = 41*t - 2296. Let k be f(t). Calculate the highest common factor of 42 and k.
42
Suppose -3*a = -a + 72. Suppose 67 = 21*y - 605. Let u be (a/16)/((-6)/y). What is the greatest common divisor of 8 and u?
4
Let m be 3 + (6/(-8) - 18/72). Suppose 5*a + o = 805, o - 5 = m*o. Calculate the greatest common factor of 54 and a.
54
Suppose -9*m + 3*m + 3088 = 862. Calculate the highest common factor of m and 636.
53
Let j = 400176 - 399680. Suppose 0 = 2*y + 2*z - 72, z + 0 = 5. Calculate the highest common divisor of j and y.
31
Let l = -123 - -130. Suppose -l = -n - 4*k, 2*n - n - 21 = 3*k. What is the highest common factor of 165 and n?
15
Suppose 100*r + 166*r - 12992 = 82*r + 5040. Suppose -4*p - u + 17 - 157 = 0, 2*p = -2*u - 76. Let h = p - -48. What is the highest common divisor of r and h?
14
Let x(h) = -h**3 + 11*h**2 - 5*h - 11. Let z be x(7). Let q be (3 + 28 - 9) + -10. What is the highest common factor of z and q?
6
Let b = 28 + -4. Let h be (-266)/11 - (2 + b/(-11)). Let u = h - -33. Calculate the highest common factor of 9 and u.
9
Suppose 5*t - f - 922 = 0, 90*t = 94*t - 3*f - 753. Calculate the greatest common factor of t and 793.
61
Let y be (-125)/10*(-3 + 1). Let h be 6/4 + (-7)/(-2). Let b be h - 7 - (-104)/2. Calculate the highest common factor of y and b.
25
Suppose 9 = 3*c, 4*t - 339 = 6*t + 3*c. Let i = -173 - t. Calculate the greatest common divisor of i and 8.
1
Suppose -4*o - 2*p + 308 = 0, 2*o + 3*p = 6*o - 318. Calculate the greatest common factor of o and 3666.
78
Let k = 129197 + -90375. Calculate the highest common divisor of 47 and k.
47
Let y = 99 + -92. Let g(r) = r**3 - 5*r**2 - 6*r + 7. Let x be g(y). Let v = 89 - x. What is the highest common factor of v and 65?
13
Let y = 2031 - 1953. What is the greatest common factor of y and 2626?
26
Let m be ((-32978)/539*-28)/(2/7). What is the greatest common factor of 8 and m?
4
Let l = -35 + 38. Suppose 8*s - 4*s - l*r - 33 = 0, -4 = -2*s + 4*r. Suppose d - s = -3*k, 4*d - k = k + 34. Calculate the greatest common factor of 9 and d.
9
Let h be ((-42)/4)/((-27)/(-162)). Let t be (-45)/4*168/h. What is the greatest common divisor of 195 and t?
15
Suppose 3*z - 5*l = 2407, 2*z - 3*l - 1449 = 156. Let y(r) = r**3 - 90*r**2 + 3*r + 7666. Let u be y(89). Calculate the highest common factor of u and z.
12
Let r be (99/6)/(3/(-20)). Suppose 3*n - 8*n + 28 = 4*k, -5*k = -4*n + 6. Let b be (6 - r/(-15))/(k/(-192)). What is the greatest common divisor of 16 and b?
16
Let h be 16/(-1) + 26 + (-484)/(-2*1). Let t(f) = -f**2 + f + 1. Let j be t(2). Let c be -2 + (j - -32) - 1. What is the greatest common divisor of c and h?
28
Let u = -131 - -1132. What is the greatest common divisor of 286 and u?
143
Let w(a) = -a**3 - a**2 + a + 48. Let k be w(0). Suppose d - k = -d. Let n = 1203 + -1095. Calculate the highest common divisor of d and n.
12
Let q(w) = 10*w**2 + 4*w + 2. Let i be q(3). Let x = 144 - i. Calculate the highest common divisor of x and 88.
8
Suppose 5*k = -3*w + 10342, -w - 10*k + 3429 = -12*k. What is the highest common factor of 38 and w?
19
Suppose -q + 4 = 9. Let s(n) be the first derivative of -4*n**2 - 25*n + 56. Let h be s(q). What is the greatest common factor of h and 165?
15
Let d(j) = -34*j + 292. Let v be d(7). Calculate the greatest common factor of 13122 and v.
54
Suppose -85 = -5*s - 3*x, 4*s - 5*x = 9*s - 95. Let y be 3 - ((-8)/s - 270/42). Suppose -y*c + 12 = -7*c. What is the greatest common divisor of c and 12?
4
Suppose -5*v + 55 + 145 = 0. Suppose -7*l + 3*l = -v. Suppose -2*t + 48 = -4*c, 2*c + 70 - l = 3*t. Calculate the greatest common divisor of t and 162.
18
Let r = 4027 - 2402. Suppose 0 = 14*j + 11*j - r. Suppose 0 = -4*o + 6*o - 26. Calculate the greatest common divisor of j and o.
13
Let i = -36 + 8. Let w = 35 + i. Calculate the highest common factor of w and 28.
7
Suppose 252*r - k = 251*r + 1669, 15 = 5*k. What is the greatest common factor of 77 and r?
11
Let m(c) = 30*c**2 - 3*c - 14. Let g be m(6). What is the greatest common divisor of g and 8?
8
Suppose -v + 57 = 4*n, -5*v + 440 = 3*n + 70. Suppose 0 = c + 1 - 2. Let u be (-1)/c*33/(-3). Calculate the greatest common factor of v and u.
11
Suppose -57 = w + 4*x, 4*w - 5*x + 94 = -218. Let b = 75 + w. Suppose -i + 11 = -h - 9, b*i - 50 = -3*h. Calculate the greatest common factor of 110 and i.
22
Suppose 678*s - 672*s - 2340 = 0. What is the highest common divisor of s and 510?
30
Let u = 31 - 117. Suppose -7625 = 8*o - 6425. Let d = u - o. Calculate the highest common factor of 160 and d.
32
Suppose -4*c + 5*i = -48, -2*i = 6*c - 5*c - 12. Let s be 2*-1 - (-14 - -9). Calculate the greatest common factor of s and c.
3
Suppose 3*c = -4*t + 414, 10*t = -c + 12*t + 138. Let d be 5/(-2) - (-5589)/c. What is the highest common factor of 133 and d?
19
Suppose -m = -5*c + 2*m + 204, 5*c + 3*m = 216. What is the greatest common factor of 105 and c?
21
Let u(r) = r**3 - 6*r**2 + 59*r - 1337. Let b be u(12). Let t(l) = l**2 - l - 22. Let n be t(15). Calculate the greatest common factor of b and n.
47
Suppose 2*v = -45*c + 50*c - 32, -2 = -5*c - 3*v. What is the greatest common divisor of c and 2426?
2
Let z be -1 + (-2 - (-4 - 6)). Suppose 0 = z*r + 8 - 15. Suppose 0 = -u - 4*a + 11, 4*u - 4 = 2*a + 4. What is the greatest common factor of u and r?
1
Suppose 0 = -0*g + 9*g - 135. Let x be 3 - (-451 - -3) - -14. What is the greatest common factor of x and g?
15
Let n = -525 + 560. What is the greatest common divisor of n and 1589?
7
Let k = 1037 + -1028. Let w(a) = -a**2 - 30*a - 47. Let u be w(-28). Calculate the highest common factor of k and u.
9
Let s(a) = -a**2 + 11*a - 4. Let v be s(9). Let c(l) = 5*l - 11 - v + 21 - 5. Let i be c(6). What is the greatest common factor of 14 and i?
7
Let c = 23871 + -23767. Calculate the greatest common divisor of c and 18902.
26
Suppose -41 - 